he tens digit of 259/4 - 3/v?
6
Let u(l) = 2268*l + 242. What is the thousands digit of u(2)?
4
Let m(g) = g**3 + 9*g - 8*g**2 + 2*g + 6 + 21*g**2. Suppose -40*d - 14 + 46 = -44*d. What is the hundreds digit of m(d)?
2
Suppose 528*g + 230926 = 566*g. What is the tens digit of g?
7
Suppose -24*q = -66292 - 22724. What is the units digit of q?
9
Suppose -r - 4*m + 35452 = 0, -1545*m - 106406 = -3*r - 1547*m. What is the thousands digit of r?
5
Suppose 156*g - 302878 = 151*g + 3*x, 0 = -4*g - 4*x + 242264. What is the thousands digit of g?
0
What is the hundreds digit of 28/(-105) - 11789424/(-540)?
8
Let c = 18873 + -7587. What is the units digit of c?
6
Suppose 9*g = 47 + 79. What is the hundreds digit of (-346)/((g/(-21))/(4/6))?
3
Suppose 31*n + 4906 = 32*n - m, 0 = n + 2*m - 4897. What is the thousands digit of n?
4
Let t = 6910 + -3396. Suppose -t + 658 = -7*u. What is the tens digit of u?
0
Let l(h) = 933*h - 2889. What is the ten thousands digit of l(15)?
1
Suppose -14 = -10*c - 54. Let n be c*(-1)/26 - 14608/(-26). Let q = n + -309. What is the units digit of q?
3
Let u(p) = p**2 + 74*p + 1272. Let g be u(-47). Let t = -1 - -1. Suppose t = 11*s - g*s - 792. What is the units digit of s?
9
Let j(d) = 10*d - 136. Let u be j(14). What is the units digit of 177/(-36)*-33*u?
9
Let h be 321 - (-1 + 0 - (-1 + 4)). Let g(m) = -m**3 - 2*m**2 + m. Let j be g(-3). Suppose -j*q = -173 - h. What is the units digit of q?
3
Suppose -4*u = -3*f + 910, 4*f - 2*f - 584 = -3*u. Suppose 0 = g - 540 - f. What is the units digit of g?
8
Suppose -5*s + 36 = -7*s. Let q(o) = -6*o + 12. Let w be q(s). Suppose -2*j = 3*j - 2*d - 122, -4*j = 4*d - w. What is the tens digit of j?
2
Let s = -46558 + 86596. What is the thousands digit of s?
0
Let n = 2009 + -482. Let w = -384 + n. What is the hundreds digit of w?
1
Suppose 2*p = -140 + 138, -6297 = -t + 2*p. What is the tens digit of t?
9
Let k = -12 + 15. Suppose 15 = -5*m, m - 90 = -k*f + 1212. What is the tens digit of f?
3
Let w be 490/8 - (-2)/(-8). Let z = -63 + w. What is the tens digit of 2/4 + (-179)/z?
9
Suppose 9*l + 42 = 13*l + 3*d, -2*l = -5*d - 8. What is the tens digit of 6/(-8) + ((-66258)/(-24))/l?
0
Let s be 2*(22617/(-90) + (-1)/5). Let o = s + 1889. What is the units digit of o?
6
What is the ten thousands digit of -11 + (-6)/((40/37645)/(-4))?
2
Let x = 60 - 57. Suppose -834 = -0*t - x*t. What is the hundreds digit of t?
2
Suppose 10 - 8 = -3*u + h, 3*u + 4*h - 8 = 0. Suppose u = 23*i + 10*i - 25938. What is the tens digit of i?
8
Let x(i) = 78*i + 2644. What is the units digit of x(55)?
4
Suppose -a = -2*h - 2 + 1, -4*a + 3*h + 9 = 0. Suppose 4*u - 10 = -3*y, -9*y = a*u - 6*y - 6. What is the units digit of 2*u/(-6)*(-7 - -4)?
4
Let d = 46 + -29. Let i(f) = f**3 - 16*f**2 - 24*f - 20. Let s be i(d). Let h = s - -225. What is the tens digit of h?
8
Let v(w) = -6*w - 2. Let l be v(-1). Suppose -5*f = 0, 0 = 5*q - 12*f + 16*f - 390. Suppose 4*z + 115 = l*j - 53, 2*j = -z + q. What is the units digit of j?
0
Let m(l) = -l**3 - 3*l**2 + 7*l - 15. Let f be m(-5). What is the thousands digit of 26*(f + 1029/14)?
1
Let v(s) = 1252*s + 40. What is the thousands digit of v(2)?
2
Let a = 9015 - 4808. What is the units digit of a?
7
Suppose 2*n + 0 = 5*j + 2, 65 = -5*n - 5*j. Let c(i) = 2*i + 20. Let q be c(n). Suppose -q*h - 159 = -3*h - s, 5*h - 798 = -2*s. What is the tens digit of h?
6
Let h be 1/(-2 - (-45)/21). Let v be 1 + (-15)/10 + h/(-2). Let i(u) = -u**3 - 3*u**2 - 7*u + 6. What is the units digit of i(v)?
0
Suppose -5*k + b = 124, -48*k + 4*b - 54 = -45*k. Suppose 0 = -v + 20 + 130. Let s = v + k. What is the hundreds digit of s?
1
Let o(m) = -m**3 - 8*m**2 + 9*m - 29. Let g be o(-13). Suppose -2*d - 1753 = -5*n, -4*n - d + 706 = -g. What is the units digit of n?
1
Let v = 1382 + -541. Let s = v + -524. What is the units digit of s?
7
Suppose -2*m - 1 = 5, -5*n - 4*m + 8 = 0. Suppose -5*w + 1 = -19. Suppose 0 = -n*o + 20, -2*z + 182 = w*o + 26. What is the units digit of z?
8
Let k be -43 + (4 - 3) + 0. Let c = -37 - k. What is the units digit of 19 + (c - (-4 - -8))?
0
Suppose -310 = -2*z + 2*w, -8*z = -6*z + 4*w - 316. Suppose -2*t = p - z, 5*t + 2*p - 6*p - 403 = 0. What is the tens digit of t?
7
Let v(l) = -l**3 - 6*l**2 + 2. Let d be v(-8). Let p be (-2)/6 + (4 - (-62)/6). Suppose -2*i + p = -d. What is the units digit of i?
2
What is the hundreds digit of -4 + (10 - (-825580)/126) + 2/(-9)?
5
What is the hundreds digit of (-2)/(-3)*-3*183828/(-24)?
3
Let u(b) = -b**2 - 27*b + 4. Let q be u(-27). Suppose -n - 204 = -4*p, q*p - n = -3*n + 204. Suppose 2*j - 151 - p = 0. What is the tens digit of j?
0
Suppose -7633*o + 1006317 = -7594*o. What is the units digit of o?
3
Let p(m) = -4*m**2 + 360*m + 53. What is the units digit of p(49)?
9
Suppose 20 = 4*u, 101 = r + 3*u - 804. What is the tens digit of r?
9
Let v be 661*9/45 - 2/10. Let r = -23 + v. What is the units digit of r?
9
Suppose -2120690 - 4501309 - 1516241 = -160*p. What is the hundreds digit of p?
8
Suppose -16*i + 386364 = 107916. What is the ten thousands digit of i?
1
Suppose -n = 4*s - 15, -s - 2*n = s - 12. What is the tens digit of 22260/70 - (s + -1 + 0)?
1
Suppose -4*u + 2*z = 68, 3*z = -u - 2*u - 51. Let a = u + 74. Let k = a + -31. What is the tens digit of k?
2
Suppose 40*s = -14*s + 108. Suppose -s*f + 971 = q, 0 = -3*f - q + 597 + 859. What is the hundreds digit of f?
4
Let q(k) = k**3 + k**2 - 14*k - 4. Let a be q(-4). What is the tens digit of (-13 - -232)/(3/a)?
9
Suppose -10 = -y - 8. Suppose -y*n + n - 10 = -5*z, 8 = 2*n + 4*z. Suppose -4*h + 240 + 44 = n. What is the tens digit of h?
7
Let c = -115 - -105. What is the units digit of (c/(-6))/(22/1650)?
5
Let f(y) = -1225*y + 2374. What is the ten thousands digit of f(-31)?
4
Suppose -5*i - 4*q + 186226 = 0, 4*q - 21*q + 111648 = 3*i. What is the hundreds digit of i?
2
Suppose -1547 = 10*f - 42107. What is the tens digit of f?
5
Suppose -92*p + 76*p = 0. Suppose 3*w - 148 - 2024 = p. What is the tens digit of w?
2
Suppose 6*a - 4*o + 16 = 4*a, 0 = 5*a - 3*o + 5. Let d(i) = 119*i**2 - 26*i + 49. What is the hundreds digit of d(a)?
4
Suppose -2*d = 2*r + 596, -5*d - 6*r = -9*r + 1450. Suppose -228 = 3*c - 0*c. Let a = c - d. What is the tens digit of a?
1
Let b(n) be the first derivative of -3*n**4/4 + 37*n**3/3 - 11*n**2 + 5*n + 149. What is the tens digit of b(10)?
8
Let i = 18260 + -7256. What is the thousands digit of i?
1
Let u(p) = 20*p**2 - 5*p + 5. Let a be u(5). What is the tens digit of a/(-1080) - 2/18*-2074?
3
Let a(c) = 627*c + 109. Let i be a(6). Suppose -3*f + d - 6*d + i = 0, 5*f = 5*d + 6465. What is the thousands digit of f?
1
Suppose 17 = 10*j - 23. Suppose -j*x - 1140 = -2*z, -3*x + 2*z = -0*z + 856. Let p = x - -398. What is the hundreds digit of p?
1
Let f(u) = 36*u - 14. Let t be f(4). Let w be (-20)/t - 28/(-13). What is the tens digit of w/(-4)*(17 + -59)?
2
Suppose 0 = 10*c - 7*c + 831. Let l = 591 + c. What is the units digit of l?
4
Suppose -13*y - 2280 = 515. Let u = 463 - y. What is the units digit of u?
8
Suppose -b + 23780 = -824*x + 821*x, 0 = 3*b + 5*x - 71270. What is the tens digit of b?
6
Let j(x) = 141*x**2 + 44*x + 525. What is the ten thousands digit of j(-10)?
1
Let b be 8/(-76) + (-66136)/(-152). What is the units digit of (3 + b/9)/(6/45)?
5
Let a = -74 - 86. Let s be (-54)/((-628)/a + -4). Suppose -8*i = -0*i - s. What is the units digit of i?
0
Let j(f) = -f**3 + 5*f**2 - 13*f - 3. Let s be j(-5). Let b = 2 - -3. Suppose v - b*d + 3*d = 67, -3*d = 4*v - s. What is the units digit of v?
5
Suppose 17*f - 132510 - 83662 = 0. What is the tens digit of f?
1
Let o be 5*(15/20 + (-3)/(-12)). Suppose m + 3*i = 172, 0*i = -o*m - 5*i + 890. What is the hundreds digit of m?
1
Let y be 10/(-2) + 2 - 8. What is the tens digit of y/((-88)/960)*1?
2
Suppose 0 = 7*f - 93 + 37. Let v be 6/(-3 - (-86)/28). Suppose -f*a = -2*a - v. What is the units digit of a?
4
Let s(u) = -2*u**3 - 3*u - 2. Let k(b) = -b**2 - 2*b - 1. Let n be k(0). Let g be ((-8)/24)/(n/(-3)). What is the units digit of s(g)?
3
Suppose 53 - 21 = 8*m. Suppose 5*k = -5*d + 465, -d + 562 = m*k + 178. Suppose 4*t - k = 19. What is the units digit of t?
9
Let t(f) = 16*f 